a factor of 18000?
False
Is 34 a factor of 17680?
True
Does 153 divide 3897?
False
Is 9 a factor of 3978?
True
Is 13 a factor of 13039?
True
Is 11070 a multiple of 270?
True
Does 24 divide 21504?
True
Is 39991 a multiple of 197?
True
Is 11340 a multiple of 28?
True
Is 10 a factor of 531?
False
Is 65638 a multiple of 9?
False
Does 74 divide 133866?
True
Is 805 a multiple of 136?
False
Does 4 divide 2589?
False
Does 10 divide 92501?
False
Is 12 a factor of 13380?
True
Does 39 divide 6435?
True
Does 10 divide 1730?
True
Does 16 divide 40624?
True
Does 21 divide 2019?
False
Is 93 a factor of 16554?
True
Is 11240 a multiple of 20?
True
Is 14519 a multiple of 168?
False
Is 70 a multiple of 4?
False
Is 136025 a multiple of 250?
False
Does 335 divide 61122?
False
Is 315 a multiple of 15?
True
Is 4 a factor of 2446?
False
Is 64 a factor of 2268?
False
Is 23104 a multiple of 16?
True
Is 363 a multiple of 2?
False
Is 81 a factor of 2430?
True
Is 132 a factor of 3564?
True
Does 10 divide 1748?
False
Does 42 divide 504?
True
Is 960 a multiple of 12?
True
Does 10 divide 2180?
True
Is 29654 a multiple of 6?
False
Is 2957 a multiple of 28?
False
Is 72032 a multiple of 35?
False
Is 1629 a multiple of 18?
False
Is 3 a factor of 144?
True
Is 103 a factor of 206?
True
Is 58 a factor of 686?
False
Is 24 a multiple of 5?
False
Is 4 a factor of 181?
False
Does 11 divide 11638?
True
Does 17 divide 74?
False
Does 8 divide 1216?
True
Does 12 divide 816?
True
Does 73 divide 11680?
True
Does 16 divide 5056?
True
Does 8 divide 81488?
True
Is 73 a factor of 1262?
False
Is 13740 a multiple of 12?
True
Is 37 a factor of 9234?
False
Is 651 a multiple of 18?
False
Is 17 a factor of 2574?
False
Is 6 a factor of 608?
False
Does 13 divide 16887?
True
Is 990 a multiple of 10?
True
Is 4495 a multiple of 36?
False
Is 817 even?
False
Is 8 a factor of 2112?
True
Is 17 a factor of 4794?
True
Does 12 divide 3672?
True
Is 1302 a multiple of 14?
True
Is 39 a factor of 2964?
True
Is 3240 a multiple of 28?
False
Is 181 a factor of 22082?
True
Is 492 a multiple of 63?
False
Is 93 a factor of 279?
True
Is 5 a factor of 80?
True
Is 95 a factor of 25745?
True
Is 11 a factor of 6776?
True
Is 4 a factor of 180?
True
Is 20 a multiple of 11?
False
Does 102 divide 2346?
True
Is 5790 a multiple of 15?
True
Is 1173 a multiple of 6?
False
Is 29 a factor of 3712?
True
Is 64 a factor of 5568?
True
Does 10 divide 11100?
True
Is 12 a factor of 4364?
False
Does 8 divide 200?
True
Is 10 a factor of 220?
True
Is 56 a factor of 19376?
True
Is 18225 a multiple of 9?
True
Is 8 a factor of 161?
False
Does 71 divide 1775?
True
Is 553 a multiple of 7?
True
Does 16 divide 23?
False
Is 22 a factor of 102?
False
Is 29 a factor of 76042?
False
Is 86 a factor of 4757?
False
Is 22 a factor of 1122?
True
Is 1287 a multiple of 20?
False
Is 276 a multiple of 6?
True
Does 26 divide 3224?
True
Is 14302 a multiple of 141?
False
Does 8 divide 4440?
True
Is 66 a factor of 264?
True
Is 346 a multiple of 34?
False
Is 6 a factor of 9316?
False
Is 18144 a multiple of 108?
True
Is 18 a factor of 1134?
True
Is 5607 a multiple of 44?
False
Is 3 a factor of 2164?
False
Is 8 a factor of 14893?
False
Does 6 divide 12378?
True
Is 204 a multiple of 12?
True
Is 13 a factor of 2229?
False
Does 30 divide 909?
False
Does 3 divide 1560?
True
Is 4 a factor of 1893?
False
Does 106 divide 66250?
True
Does 6 divide 504?
True
Is 16 a factor of 6752?
True
Is 20 a factor of 42424?
False
Is 570 a multiple of 19?
True
Does 10 divide 1283?
False
Is 73 a multiple of 7?
False
Is 171 a factor of 5643?
True
Is 50 a multiple of 2?
True
Is 3051 a multiple of 11?
False
Is 22 a factor of 475?
False
Does 20 divide 40?
True
Is 1000 a multiple of 16?
False
Does 2 divide 459?
False
Does 8 divide 1073?
False
Is 65 a factor of 1113?
False
Is 1183 a multiple of 13?
True
Does 6 divide 14223?
False
Is 14 a factor of 43?
False
Is 15138 a multiple of 87?
True
Is 1863 a multiple of 17?
False
Is 116 a factor of 54672?
False
Is 8 a factor of 20760?
True
Does 119 divide 29750?
True
Is 493 a multiple of 180?
False
Is 14313 a multiple of 13?
True
Does 31 divide 1302?
True
Is 12 a factor of 2578?
False
Does 53 divide 1715?
False
Is 135 a multiple of 5?
True
Does 44 divide 469?
False
Does 162 divide 4013?
False
Does 5 divide 225?
True
Is 10 a factor of 358?
False
Is 1406 a multiple of 37?
True
Is 134 a multiple of 17?
False
Is 13 a factor of 77?
False
Is 1110 a multiple of 44?
False
Does 14 divide 3628?
False
Does 5 divide 887?
False
Does 122 divide 21473?
False
Does 21 divide 13279?
False
Does 35 divide 3245?
False
Does 24 divide 68064?
True
Is 496 a multiple of 48?
False
Does 17 divide 1224?
True
Is 32 a factor of 2037?
False
Does 101 divide 1154?
False
Is 8 a factor of 484?
False
Is 1640 a multiple of 10?
True
Is 6 a factor of 4848?
True
Does 7 divide 1071?
True
Is 1048 a multiple of 131?
True
Is 1734 a multiple of 51?
True
Is 11 a factor of 7494?
False
Does 17 divide 2584?
True
Does 16 divide 15008?
True
Does 25 divide 1400?
True
Does 11 divide 16467?
True
Is 12 a factor of 13678?
False
Is 180990 a multiple of 16?
False
Is 231 a multiple of 3?
True
Is 68 a factor of 32342?
False
Is 28 a multiple of 6?
False
Is 8 a factor of 1532?
False
Is 54 a factor of 543?
False
Is 1650 a multiple of 75?
True
Is 9 a factor of 13491?
True
Is 3280 a multiple of 10?
True
Is 781 a multiple of 3?
False
Does 4 divide 85?
False
Is 28 a factor of 13527?
False
Is 4 a factor of 320?
True
Does 11 divide 165?
True
Does 4 divide 553?
False
Does 5 divide 505?
True
Is 1128 a multiple of 12?
True
Does 306 divide 53570?
False
Is 109239 a multiple of 26?
False
Is 30 a factor of 120?
True
Is 13 a factor of 4454?
False
Is 39 a factor of 481?
False
Is 224 a multiple of 5?
False
Is 4 a factor of 2979?
False
Is 192 a factor of 129216?
True
Does 3 divide 48?
True
Does 184 divide 79488?
True
Is 5 a factor of 1340?
True
Does 4 divide 1448?
True
Is 20 a factor of 200?
True
Does 30 divide 2250?
True
Does 2 divide 414?
True
Is 70 a factor of 2100?
True
Is 43362 a multiple of 13?
False
Is 63 a factor of 2835?
True
Is 164 a multiple of 11?
False
Is 25982 a multiple of 45?
False
Is 143 even?
False
Is 14 a factor of 221?
False
Is 2 a factor of 1596?
True
Is 27 a factor of 5967?
True
Is 2368 a multiple of 64?
True
Is 3 a factor of 7826?
False
Does 44 divide 27192?
True
Is 11 a factor of 632?
False
Is 7 a factor of 42?
True
Does 30 divide 14225?
False
Is 4935 a multiple of 167?
False
Does 20 divide 5000?
True
Does 33 divide 8646?
True
Does 3 divide 259?
False
Does 33 divide 390?
False
Is 28 a multiple of 4?
True
Is 24 a factor of 3473?
False
Is 15 a factor of 13590?
True
Is 5 a factor of 195?
True
Is 14 a factor of 3223?
False
Is 846 a multiple of 14?
False
Is 40677 a multiple of 85?
False
Does 16 divide 6336?
True
Is 31581 a multiple of 261?
True
Does 6 divide 49530?
True
Does 73 divide 4808?
False
Is 532 a multiple of 76?
True
Does 4 divide 523?
False
Is 47583 a multiple of 7?
False
Is 130 a multiple of 5?
True
Does 53 divide 10918?
True
Does 94 divide 2914?
True
Is 74 a factor of 74?
True
Is 92 a multiple of 46?
True
Does 48 divide 1428?
False
Is 29 a factor of 3132?
True
Is 80 a factor of 880?
True
Is 32 a factor of 12128?
True
Is 4 a factor of 63?
False
Does 87 divide 957?
True
Is 122 a factor of 11956?
True
Is 174 a factor of 13398?
True
Does 20 divide 16290?
False
Does 74 divide 9710?
False
Is 4531 a multiple of 26?
False
Is 17 a factor of 3007?
False
Does 373 divide 5774?
False
Is 11 a factor of 2016?
False
Does 63 divide 2920?
False
Is 124 a factor of 52576?
True
Is 15 a factor of 48003?
False
Is 12 a factor of 504?
True
Is 55 a multiple of 11?
True
Is 21566 a multiple of 23?
False
Is 125 a factor of 12500?
True
Is 918 a multiple of 5?
False
Is 930 a multiple of 93?
True
Does 2 divide 346?
True
Does 7 divide 238?
True
Is 1759 a multiple of 81?
False
Is 630 a multiple of 8?
False
Is 5470 a multiple of 56?
False
Is 37236 a multiple of 5?
False
Is 86 a factor of 1376?
True
Does 10 divide 1657?
False
Is 24834 a multiple of 90?
False
Is 3383 a multiple of 17?
True
Does 2 divide 725?
False
Is 163 a factor of 2119?
True
Is 29436 a multiple of 33?
True
Is 22 a factor of 830?
False
Is 5 a factor of 375?
True
Does 24 divid